hat is the ten thousands digit of 1722006?
2
What is the tens digit of 4578742?
4
What is the ten thousands digit of 8463238?
6
What is the hundreds digit of 542657?
6
What is the tens digit of 207161?
6
What is the tens digit of 290071?
7
What is the millions digit of 5310333?
5
What is the tens digit of 24823702?
0
What is the thousands digit of 17621680?
1
What is the thousands digit of 1171606?
1
What is the thousands digit of 3331989?
1
What is the ten thousands digit of 34208516?
0
What is the tens digit of 284754?
5
What is the hundred thousands digit of 36587750?
5
What is the hundred thousands digit of 128921?
1
What is the hundred thousands digit of 14575913?
5
What is the ten thousands digit of 1114912?
1
What is the units digit of 23291843?
3
What is the ten thousands digit of 394306?
9
What is the units digit of 209013?
3
What is the ten thousands digit of 157555?
5
What is the tens digit of 1313229?
2
What is the thousands digit of 3435886?
5
What is the ten thousands digit of 24183703?
8
What is the units digit of 296994?
4
What is the hundred thousands digit of 12184061?
1
What is the ten thousands digit of 2943964?
4
What is the thousands digit of 861864?
1
What is the tens digit of 1721214?
1
What is the ten thousands digit of 384406?
8
What is the millions digit of 4403547?
4
What is the thousands digit of 650778?
0
What is the hundreds digit of 7801774?
7
What is the tens digit of 286680?
8
What is the units digit of 591495?
5
What is the tens digit of 5236250?
5
What is the hundreds digit of 310735?
7
What is the tens digit of 9390635?
3
What is the hundreds digit of 3079151?
1
What is the units digit of 501524?
4
What is the units digit of 47585?
5
What is the tens digit of 1190351?
5
What is the units digit of 282867?
7
What is the millions digit of 2333618?
2
What is the hundreds digit of 50631?
6
What is the ten thousands digit of 126850?
2
What is the thousands digit of 4188493?
8
What is the hundreds digit of 228279?
2
What is the hundreds digit of 208501?
5
What is the tens digit of 861112?
1
What is the tens digit of 4703816?
1
What is the tens digit of 84995?
9
What is the ten thousands digit of 7675319?
7
What is the thousands digit of 335652?
5
What is the millions digit of 3767805?
3
What is the millions digit of 18953362?
8
What is the ten thousands digit of 86877?
8
What is the thousands digit of 1157291?
7
What is the hundred thousands digit of 4801054?
8
What is the ten thousands digit of 214417?
1
What is the hundreds digit of 3829298?
2
What is the tens digit of 1937553?
5
What is the ten thousands digit of 255907?
5
What is the hundreds digit of 654025?
0
What is the units digit of 3816795?
5
What is the thousands digit of 5749428?
9
What is the thousands digit of 40159940?
9
What is the ten thousands digit of 5143843?
4
What is the ten thousands digit of 1787985?
8
What is the tens digit of 16663?
6
What is the ten thousands digit of 250664?
5
What is the millions digit of 1694222?
1
What is the thousands digit of 8783257?
3
What is the ten thousands digit of 131950?
3
What is the hundreds digit of 2356514?
5
What is the thousands digit of 51189?
1
What is the units digit of 3655?
5
What is the thousands digit of 207834?
7
What is the tens digit of 724260?
6
What is the units digit of 62587?
7
What is the tens digit of 32581803?
0
What is the millions digit of 1647003?
1
What is the hundreds digit of 913260?
2
What is the units digit of 628982?
2
What is the hundred thousands digit of 303417?
3
What is the thousands digit of 3399772?
9
What is the hundreds digit of 31868?
8
What is the ten thousands digit of 5855203?
5
What is the hundreds digit of 379976?
9
What is the tens digit of 65824?
2
What is the millions digit of 8178794?
8
What is the thousands digit of 157396?
7
What is the units digit of 660809?
9
What is the ten thousands digit of 2229061?
2
What is the tens digit of 6522068?
6
What is the hundreds digit of 2459341?
3
What is the hundred thousands digit of 310770?
3
What is the tens digit of 34129?
2
What is the hundreds digit of 33135?
1
What is the hundred thousands digit of 6972208?
9
What is the ten thousands digit of 333213?
3
What is the ten thousands digit of 300308?
0
What is the hundreds digit of 1294150?
1
What is the units digit of 24268?
8
What is the hundred thousands digit of 148713?
1
What is the hundred thousands digit of 261088?
2
What is the thousands digit of 126883?
6
What is the tens digit of 5176944?
4
What is the ten thousands digit of 4399945?
9
What is the millions digit of 1719061?
1
What is the hundreds digit of 321887?
8
What is the ten thousands digit of 17847462?
4
What is the hundreds digit of 16886149?
1
What is the hundred thousands digit of 1277339?
2
What is the hundred thousands digit of 686542?
6
What is the units digit of 3749986?
6
What is the ten thousands digit of 107956?
0
What is the tens digit of 9402567?
6
What is the thousands digit of 118687?
8
What is the units digit of 9379571?
1
What is the tens digit of 7438628?
2
What is the tens digit of 8323601?
0
What is the tens digit of 28105017?
1
What is the tens digit of 49083?
8
What is the units digit of 23206609?
9
What is the thousands digit of 374664?
4
What is the hundreds digit of 838438?
4
What is the millions digit of 1179510?
1
What is the hundreds digit of 940502?
5
What is the hundreds digit of 909984?
9
What is the millions digit of 13995984?
3
What is the millions digit of 2154493?
2
What is the hundreds digit of 267621?
6
What is the units digit of 827287?
7
What is the hundred thousands digit of 4522795?
5
What is the units digit of 3291083?
3
What is the hundreds digit of 20095?
0
What is the tens digit of 373528?
2
What is the tens digit of 4709724?
2
What is the ten thousands digit of 5170701?
7
What is the millions digit of 1722501?
1
What is the hundreds digit of 226583?
5
What is the units digit of 79163?
3
What is the thousands digit of 193413?
3
What is the units digit of 4282068?
8
What is the hundred thousands digit of 211017?
2
What is the millions digit of 2782503?
2
What is the thousands digit of 9234863?
4
What is the millions digit of 6447106?
6
What is the tens digit of 4782974?
7
What is the ten millions digit of 34258045?
3
What is the thousands digit of 14186115?
6
What is the hundreds digit of 123439?
4
What is the tens digit of 242102?
0
What is the millions digit of 1027910?
1
What is the ten thousands digit of 37211254?
1
What is the thousands digit of 298996?
8
What is the thousands digit of 1337784?
7
What is the tens digit of 26039364?
6
What is the units digit of 2766485?
5
What is the units digit of 200532?
2
What is the ten thousands digit of 411568?
1
What is the units digit of 161584?
4
What is the ten thousands digit of 17619001?
1
What is the ten thousands digit of 5178473?
7
What is the units digit of 78294?
4
What is the ten thousands digit of 753471?
5
What is the units digit of 5125146?
6
What is the hundred thousands digit of 1245344?
2
What is the hundreds digit of 35911?
9
What is the units digit of 700942?
2
What is the units digit of 6289068?
8
What is the hundreds digit of 211351?
3
What is the tens digit of 3865581?
8
What is the hundred thousands digit of 1018950?
0
What is the millions digit of 17552266?
7
What is the ten thousands digit of 202605?
0
What is the hundred thousands digit of 784369?
7
What is the hundreds digit of 6321?
3
What is the hundreds digit of 55584?
5
What is the hundreds digit of 123940?
9
What is the thousands digit of 8098336?
8
What is the millions digit of 2430903?
2
What is the hundreds digit of 2147920?
9
What is the thousands digit of 8121505?
1
What is the hundreds digit of 1537325?
3
What is the ten millions digit of 19711501?
1
What is the tens digit of 5155887?
8
What is the thousands digit of 244238?
4
What is the hundreds digit of 385132?
1
What is the ten thousands digit of 6317324?
1
What is the units digit of 193693?
3
What is the hundreds digit of 3236360?
3
What is the units digit of 186148?
8
What is the millions digit of 2130670?
2
What is the millions digit of 12750529?
2
What is the millions digit of 23100140?
3
What is the hundreds digit of 867082?
0
What is the units digit of 2151365?
